{"id":578,"date":"2018-04-22T21:48:37","date_gmt":"2018-04-22T19:48:37","guid":{"rendered":"http:\/\/zs1.nowotarski.pl\/projekty\/bournemouth2018\/?page_id=578"},"modified":"2018-05-07T01:26:21","modified_gmt":"2018-05-06T23:26:21","slug":"old-harry-rocks","status":"publish","type":"page","link":"https:\/\/zs1-projekty.nowotarski.edu.pl\/bournemouth2018\/index.php\/old-harry-rocks\/","title":{"rendered":"Old Harry Rocks"},"content":{"rendered":"<p>Niedziela 23.04 by\u0142a wspania\u0142a. Byli\u015bmy na wycieczce na Old Harry Rocks. Miejsce znane z wysokich, stromych klif\u00f3w i co najlepsze bez barierek, a wi\u0119c trzeba by\u0142o uwa\u017ca\u0107. Zebrali\u015bmy si\u0119 na Bournemouth Square o godzinie 10.15 by stamt\u0105d wyruszy\u0107 busem w kierunku tego\u017c miejsca. Bus posiada\u0142 2 pi\u0119tra, g\u00f3rne za\u015b by\u0142o cz\u0119\u015bciowo bez dachu, wi\u0119c mo\u017cna by\u0142o poczu\u0107 wiatr we w\u0142osach.<\/p>\n<p>Sprzyja\u0142a nam tak\u017ce pogoda, poniewa\u017c ca\u0142y dzie\u0144 by\u0142 s\u0142oneczny, dos\u0142ownie bez \u017cadnej chmury. Podr\u00f3\u017c chwil\u0119 trwa\u0142a, bo ponad godzin\u0119, lecz mieli\u015bmy okazj\u0119 pop\u0142yn\u0105\u0107 promem r\u00f3wnocze\u015bnie jad\u0105c w busie. Po wyj\u015bciu z busa wyruszyli\u015bmy ku naszemu celowi. Droga by\u0142a w miar\u0119 prosta, a doj\u015bcie zaj\u0119\u0142o oko\u0142o 20 minut. Nie zatrzymywali\u015bmy si\u0119, pop\u0119dzili\u015bmy szybko by zobaczy\u0107 ten pi\u0119kny krajobraz. I tak si\u0119 te\u017c sta\u0142o. Pozachwycali\u015bmy si\u0119, porobili\u015bmy zdj\u0119cia i zrelaksowali\u015bmy si\u0119 le\u017c\u0105c chwil\u0119 na \u0142\u0105ce. Po 2 godzinach ruszyli\u015bmy z powrotem.<\/p>\n\n\t\t<div id='gallery-1' class='gallery galleryid-578 gallery-columns-3 gallery-size-thumbnail gallery1'><script type=\"text\/javascript\">\r\n\/\/ <![CDATA[\r\n\tjQuery(document).ready(function () {\r\n\t\tjQuery(\".gallery1 a\").attr(\"rel\",\"gallery1\");\t\r\n\t\tjQuery('a[rel=\"gallery1\"]').colorbox({maxWidth:\"95%\", maxHeight:\"95%\",title: function(){ return jQuery(this).children().attr(\"alt\"); }, });\r\n\t});\r\n\/\/ ]]>\r\n<\/script>\n\r\n\t\t\t<style type=\"text\/css\">\r\n\t\t\t\t#cboxCurrent { display:none !important; }\r\n\t\t\t<\/style>\n<figure class=\"gallery-item\">\n<div class=\"gallery-icon\">\r\n<a href=\"https:\/\/zs1-projekty.nowotarski.edu.pl\/bournemouth2018\/wp-content\/uploads\/2018\/04\/IMG_20180422_122242.jpg\" title=\"\" rel=\"gallery1\"><img src=\"https:\/\/zs1-projekty.nowotarski.edu.pl\/bournemouth2018\/wp-content\/uploads\/2018\/04\/IMG_20180422_122242-150x150.jpg\" width=\"150\" height=\"150\" alt=\"\" \/><\/a>\r\n<\/div><\/figure><figure class=\"gallery-item\">\n<div class=\"gallery-icon\">\r\n<a href=\"https:\/\/zs1-projekty.nowotarski.edu.pl\/bournemouth2018\/wp-content\/uploads\/2018\/04\/IMG_20180422_123238.jpg\" title=\"\" rel=\"gallery1\"><img src=\"https:\/\/zs1-projekty.nowotarski.edu.pl\/bournemouth2018\/wp-content\/uploads\/2018\/04\/IMG_20180422_123238-150x150.jpg\" width=\"150\" height=\"150\" alt=\"\" \/><\/a>\r\n<\/div><\/figure><figure class=\"gallery-item\">\n<div class=\"gallery-icon\">\r\n<a href=\"https:\/\/zs1-projekty.nowotarski.edu.pl\/bournemouth2018\/wp-content\/uploads\/2018\/04\/IMG_20180422_123032.jpg\" title=\"\" rel=\"gallery1\"><img src=\"https:\/\/zs1-projekty.nowotarski.edu.pl\/bournemouth2018\/wp-content\/uploads\/2018\/04\/IMG_20180422_123032-150x150.jpg\" width=\"150\" height=\"150\" alt=\"\" \/><\/a>\r\n<\/div><\/figure><figure class=\"gallery-item\">\n<div class=\"gallery-icon\">\r\n<a href=\"https:\/\/zs1-projekty.nowotarski.edu.pl\/bournemouth2018\/wp-content\/uploads\/2018\/04\/IMG_20180422_123028-1.jpg\" title=\"\" rel=\"gallery1\"><img src=\"https:\/\/zs1-projekty.nowotarski.edu.pl\/bournemouth2018\/wp-content\/uploads\/2018\/04\/IMG_20180422_123028-1-150x150.jpg\" width=\"150\" height=\"150\" alt=\"\" \/><\/a>\r\n<\/div><\/figure><figure class=\"gallery-item\">\n<div class=\"gallery-icon\">\r\n<a href=\"https:\/\/zs1-projekty.nowotarski.edu.pl\/bournemouth2018\/wp-content\/uploads\/2018\/04\/IMG_20180422_123011.jpg\" title=\"\" rel=\"gallery1\"><img src=\"https:\/\/zs1-projekty.nowotarski.edu.pl\/bournemouth2018\/wp-content\/uploads\/2018\/04\/IMG_20180422_123011-150x150.jpg\" width=\"150\" height=\"150\" alt=\"\" \/><\/a>\r\n<\/div><\/figure><figure class=\"gallery-item\">\n<div class=\"gallery-icon\">\r\n<a href=\"https:\/\/zs1-projekty.nowotarski.edu.pl\/bournemouth2018\/wp-content\/uploads\/2018\/04\/IMG_20180422_122749.jpg\" title=\"\" rel=\"gallery1\"><img src=\"https:\/\/zs1-projekty.nowotarski.edu.pl\/bournemouth2018\/wp-content\/uploads\/2018\/04\/IMG_20180422_122749-150x150.jpg\" width=\"150\" height=\"150\" alt=\"\" \/><\/a>\r\n<\/div><\/figure><figure class=\"gallery-item\">\n<div class=\"gallery-icon\">\r\n<a href=\"https:\/\/zs1-projekty.nowotarski.edu.pl\/bournemouth2018\/wp-content\/uploads\/2018\/04\/IMG_20180422_122448.jpg\" title=\"\" rel=\"gallery1\"><img src=\"https:\/\/zs1-projekty.nowotarski.edu.pl\/bournemouth2018\/wp-content\/uploads\/2018\/04\/IMG_20180422_122448-150x150.jpg\" width=\"150\" height=\"150\" alt=\"\" \/><\/a>\r\n<\/div><\/figure><figure class=\"gallery-item\">\n<div class=\"gallery-icon\">\r\n<a href=\"https:\/\/zs1-projekty.nowotarski.edu.pl\/bournemouth2018\/wp-content\/uploads\/2018\/04\/IMG_20180422_122441.jpg\" title=\"\" rel=\"gallery1\"><img src=\"https:\/\/zs1-projekty.nowotarski.edu.pl\/bournemouth2018\/wp-content\/uploads\/2018\/04\/IMG_20180422_122441-150x150.jpg\" width=\"150\" height=\"150\" alt=\"\" \/><\/a>\r\n<\/div><\/figure><figure class=\"gallery-item\">\n<div class=\"gallery-icon\">\r\n<a href=\"https:\/\/zs1-projekty.nowotarski.edu.pl\/bournemouth2018\/wp-content\/uploads\/2018\/04\/IMG_20180422_122248.jpg\" title=\"\" rel=\"gallery1\"><img src=\"https:\/\/zs1-projekty.nowotarski.edu.pl\/bournemouth2018\/wp-content\/uploads\/2018\/04\/IMG_20180422_122248-150x150.jpg\" width=\"150\" height=\"150\" alt=\"\" \/><\/a>\r\n<\/div><\/figure>\r\n\t\t<\/div>\n\n","protected":false},"excerpt":{"rendered":"<p>Niedziela 23.04 by\u0142a wspania\u0142a. Byli\u015bmy na wycieczce na Old Harry Rocks. Miejsce znane z wysokich, stromych klif\u00f3w i co najlepsze bez barierek, a wi\u0119c trzeba by\u0142o uwa\u017ca\u0107. Zebrali\u015bmy si\u0119 na Bournemouth Square o godzinie 10.15 by stamt\u0105d wyruszy\u0107 busem w kierunku tego\u017c miejsca. Bus posiada\u0142 2 pi\u0119tra, g\u00f3rne za\u015b by\u0142o cz\u0119\u015bciowo bez dachu, wi\u0119c mo\u017cna by\u0142o poczu\u0107 wiatr we w\u0142osach. Sprzyja\u0142a nam tak\u017ce pogoda, poniewa\u017c ca\u0142y dzie\u0144 by\u0142 s\u0142oneczny, dos\u0142ownie bez \u017cadnej chmury. Podr\u00f3\u017c chwil\u0119 trwa\u0142a, bo ponad godzin\u0119, lecz mieli\u015bmy okazj\u0119 pop\u0142yn\u0105\u0107 promem r\u00f3wnocze\u015bnie jad\u0105c w busie. Po wyj\u015bciu z busa wyruszyli\u015bmy ku naszemu celowi. Droga by\u0142a w miar\u0119 &hellip; <\/p>\n","protected":false},"author":1,"featured_media":0,"parent":0,"menu_order":0,"comment_status":"closed","ping_status":"closed","template":"","meta":[],"_links":{"self":[{"href":"https:\/\/zs1-projekty.nowotarski.edu.pl\/bournemouth2018\/index.php\/wp-json\/wp\/v2\/pages\/578"}],"collection":[{"href":"https:\/\/zs1-projekty.nowotarski.edu.pl\/bournemouth2018\/index.php\/wp-json\/wp\/v2\/pages"}],"about":[{"href":"https:\/\/zs1-projekty.nowotarski.edu.pl\/bournemouth2018\/index.php\/wp-json\/wp\/v2\/types\/page"}],"author":[{"embeddable":true,"href":"https:\/\/zs1-projekty.nowotarski.edu.pl\/bournemouth2018\/index.php\/wp-json\/wp\/v2\/users\/1"}],"replies":[{"embeddable":true,"href":"https:\/\/zs1-projekty.nowotarski.edu.pl\/bournemouth2018\/index.php\/wp-json\/wp\/v2\/comments?post=578"}],"version-history":[{"count":4,"href":"https:\/\/zs1-projekty.nowotarski.edu.pl\/bournemouth2018\/index.php\/wp-json\/wp\/v2\/pages\/578\/revisions"}],"predecessor-version":[{"id":1217,"href":"https:\/\/zs1-projekty.nowotarski.edu.pl\/bournemouth2018\/index.php\/wp-json\/wp\/v2\/pages\/578\/revisions\/1217"}],"wp:attachment":[{"href":"https:\/\/zs1-projekty.nowotarski.edu.pl\/bournemouth2018\/index.php\/wp-json\/wp\/v2\/media?parent=578"}],"curies":[{"name":"wp","href":"https:\/\/api.w.org\/{rel}","templated":true}]}}