{"id":43,"date":"2016-10-04T14:56:36","date_gmt":"2016-10-04T12:56:36","guid":{"rendered":"http:\/\/zs1.nowotarski.pl\/projekty\/rimini2017\/?page_id=43"},"modified":"2017-04-20T12:13:14","modified_gmt":"2017-04-20T10:13:14","slug":"lista-uczestnikow","status":"publish","type":"page","link":"https:\/\/zs1-projekty.nowotarski.edu.pl\/rimini2017\/lista-uczestnikow\/","title":{"rendered":"Lista uczestnik\u00f3w"},"content":{"rendered":"<h1 style=\"text-align: center;\"><b>Lista os\u00f3b zakwalifikowanych do projektu praktyk zawodowych <\/b><b>we W\u0142oszech w roku 2017 \u00a0\u00a0\u2013 w ramach programu PO WER, \u00a0<\/b><b>projekt nr 2016-1-PL01-KA102-023779\u00a0<\/b><b>finansowany przez Europejski Fundusz Spo\u0142eczny,\u00a0<\/b><b>drugi etap rekrutacji<\/b><\/h1>\n<hr \/>\n<ol>\n<li style=\"text-align: left;\"><span style=\"font-weight: 400;\">Bieda Justyna<\/span><\/li>\n<li style=\"text-align: left;\"><span style=\"font-weight: 400;\"> Bogaczyk Natalia<\/span><\/li>\n<li style=\"text-align: left;\"><span style=\"font-weight: 400;\"> Bro\u017ana Kinga<\/span><\/li>\n<li style=\"text-align: left;\"><span style=\"font-weight: 400;\"> Garbacz Aneta<\/span><\/li>\n<li style=\"text-align: left;\"><span style=\"font-weight: 400;\"> Klich Karolina<\/span><\/li>\n<li style=\"text-align: left;\"><span style=\"font-weight: 400;\"> Kowalczyk Justyna<\/span><\/li>\n<li style=\"text-align: left;\"><span style=\"font-weight: 400;\"> Kowalczyk Natalia<\/span><\/li>\n<li style=\"text-align: left;\"><span style=\"font-weight: 400;\"> Krauzowicz Ewelina<\/span><\/li>\n<li style=\"text-align: left;\"><span style=\"font-weight: 400;\"> \u0141opata Beata<\/span><\/li>\n<li style=\"text-align: left;\"><span style=\"font-weight: 400;\"> \u0141ukasz Judyta<\/span><\/li>\n<li style=\"text-align: left;\"><span style=\"font-weight: 400;\"> Sia\u015bkiewicz Patrycja<\/span><\/li>\n<li style=\"text-align: left;\"><span style=\"font-weight: 400;\"> Szklarczyk Aneta<\/span><\/li>\n<li style=\"text-align: left;\"><span style=\"font-weight: 400;\"> Szostak Klaudia<\/span><\/li>\n<li style=\"text-align: left;\"><span style=\"font-weight: 400;\"> Wida Paulina<\/span><\/li>\n<li style=\"text-align: left;\"><span style=\"font-weight: 400;\"> Zapotoczna Kamila<\/span><\/li>\n<li style=\"text-align: left;\"><span style=\"font-weight: 400;\"> Zawodniak Ewelina<\/span><\/li>\n<\/ol>\n<p><span style=\"font-weight: 400;\">Rezerwowa: Paulina Jab\u0142o\u0144ska<\/span><\/p>\n<hr \/>\n<p>&nbsp;<\/p>\n","protected":false},"excerpt":{"rendered":"<p>Lista os\u00f3b zakwalifikowanych do projektu praktyk zawodowych we W\u0142oszech w roku 2017 \u00a0\u00a0\u2013 w ramach programu PO WER, \u00a0projekt nr 2016-1-PL01-KA102-023779\u00a0finansowany przez Europejski Fundusz Spo\u0142eczny,\u00a0drugi etap rekrutacji Bieda Justyna Bogaczyk Natalia Bro\u017ana Kinga Garbacz Aneta Klich Karolina Kowalczyk Justyna Kowalczyk Natalia Krauzowicz Ewelina \u0141opata Beata \u0141ukasz Judyta Sia\u015bkiewicz Patrycja Szklarczyk Aneta Szostak Klaudia Wida Paulina<a class=\"moretag\" href=\"https:\/\/zs1-projekty.nowotarski.edu.pl\/rimini2017\/lista-uczestnikow\/\"><span class=\"screen-reader-text\">Wi\u0119cej oLista uczestnik\u00f3w<\/span>[&#8230;]<\/a><\/p>\n","protected":false},"author":1,"featured_media":0,"parent":0,"menu_order":0,"comment_status":"closed","ping_status":"closed","template":"template-fullwidth.php","meta":{"ngg_post_thumbnail":0},"_links":{"self":[{"href":"https:\/\/zs1-projekty.nowotarski.edu.pl\/rimini2017\/wp-json\/wp\/v2\/pages\/43"}],"collection":[{"href":"https:\/\/zs1-projekty.nowotarski.edu.pl\/rimini2017\/wp-json\/wp\/v2\/pages"}],"about":[{"href":"https:\/\/zs1-projekty.nowotarski.edu.pl\/rimini2017\/wp-json\/wp\/v2\/types\/page"}],"author":[{"embeddable":true,"href":"https:\/\/zs1-projekty.nowotarski.edu.pl\/rimini2017\/wp-json\/wp\/v2\/users\/1"}],"replies":[{"embeddable":true,"href":"https:\/\/zs1-projekty.nowotarski.edu.pl\/rimini2017\/wp-json\/wp\/v2\/comments?post=43"}],"version-history":[{"count":5,"href":"https:\/\/zs1-projekty.nowotarski.edu.pl\/rimini2017\/wp-json\/wp\/v2\/pages\/43\/revisions"}],"predecessor-version":[{"id":172,"href":"https:\/\/zs1-projekty.nowotarski.edu.pl\/rimini2017\/wp-json\/wp\/v2\/pages\/43\/revisions\/172"}],"wp:attachment":[{"href":"https:\/\/zs1-projekty.nowotarski.edu.pl\/rimini2017\/wp-json\/wp\/v2\/media?parent=43"}],"curies":[{"name":"wp","href":"https:\/\/api.w.org\/{rel}","templated":true}]}}