{"id":617,"date":"2017-04-27T12:52:04","date_gmt":"2017-04-27T10:52:04","guid":{"rendered":"http:\/\/zs1.nowotarski.pl\/projekty\/rimini2017\/?page_id=617"},"modified":"2017-05-12T21:44:12","modified_gmt":"2017-05-12T19:44:12","slug":"firma-xyz2","status":"publish","type":"page","link":"https:\/\/zs1-projekty.nowotarski.edu.pl\/rimini2017\/miejsca-praktyk\/firma-xyz2\/","title":{"rendered":"Grafiche Moderne"},"content":{"rendered":"<p>Grafiche Moderne. Od 20 lat z pasj\u0105 i talentem firma zajmuje si\u0119 produkcj\u0105 i dystrybucj\u0105 naklejek samoprzylepnych z \u017cywic\u0105. W\u0142a\u015bcicielem firmy jest Michele Zicchino, kt\u00f3ry wraz z ma\u0142\u017conk\u0105 dba o dobr\u0105 reputacj\u0119 swojego przedsi\u0119biorstwa. Firma ulokowana jest przy porcie w Rimini. Otaczaj\u0105 j\u0105 pi\u0119kne zabytkowe budynki. Tr\u00f3jwymiarowe naklejki \u017cywicze zapewniaj\u0105 presti\u017cowy wizerunek marki, dzi\u0119ki czemu firma tak dobrze prosperuje na w\u0142oskim rynku i jest doceniana przez najbardziej wymagaj\u0105cych klient\u00f3w.<\/p>\n<div id='gallery-1' class='gallery galleryid-617 gallery-columns-3 gallery-size-medium'><figure class='gallery-item'>\n\t\t\t<div class='gallery-icon portrait'>\n\t\t\t\t<a href='https:\/\/zs1-projekty.nowotarski.edu.pl\/rimini2017\/miejsca-praktyk\/firma-xyz2\/grafichemoderne-1-z-1\/'><img width=\"200\" height=\"300\" src=\"https:\/\/zs1-projekty.nowotarski.edu.pl\/rimini2017\/wp-content\/uploads\/2017\/04\/GraficheModerne-1-z-1-200x300.jpg\" class=\"attachment-medium size-medium\" alt=\"\" loading=\"lazy\" srcset=\"https:\/\/zs1-projekty.nowotarski.edu.pl\/rimini2017\/wp-content\/uploads\/2017\/04\/GraficheModerne-1-z-1-200x300.jpg 200w, https:\/\/zs1-projekty.nowotarski.edu.pl\/rimini2017\/wp-content\/uploads\/2017\/04\/GraficheModerne-1-z-1-768x1152.jpg 768w, https:\/\/zs1-projekty.nowotarski.edu.pl\/rimini2017\/wp-content\/uploads\/2017\/04\/GraficheModerne-1-z-1-683x1024.jpg 683w\" sizes=\"(max-width: 200px) 100vw, 200px\" \/><\/a>\n\t\t\t<\/div><\/figure><figure class='gallery-item'>\n\t\t\t<div class='gallery-icon portrait'>\n\t\t\t\t<a href='https:\/\/zs1-projekty.nowotarski.edu.pl\/rimini2017\/miejsca-praktyk\/firma-xyz2\/grafichemoderne-7-z-22\/'><img width=\"200\" height=\"300\" src=\"https:\/\/zs1-projekty.nowotarski.edu.pl\/rimini2017\/wp-content\/uploads\/2017\/04\/GraficheModerne-7-z-22-200x300.jpg\" class=\"attachment-medium size-medium\" alt=\"\" loading=\"lazy\" srcset=\"https:\/\/zs1-projekty.nowotarski.edu.pl\/rimini2017\/wp-content\/uploads\/2017\/04\/GraficheModerne-7-z-22-200x300.jpg 200w, https:\/\/zs1-projekty.nowotarski.edu.pl\/rimini2017\/wp-content\/uploads\/2017\/04\/GraficheModerne-7-z-22-768x1152.jpg 768w, https:\/\/zs1-projekty.nowotarski.edu.pl\/rimini2017\/wp-content\/uploads\/2017\/04\/GraficheModerne-7-z-22-683x1024.jpg 683w\" sizes=\"(max-width: 200px) 100vw, 200px\" \/><\/a>\n\t\t\t<\/div><\/figure><figure class='gallery-item'>\n\t\t\t<div class='gallery-icon portrait'>\n\t\t\t\t<a href='https:\/\/zs1-projekty.nowotarski.edu.pl\/rimini2017\/miejsca-praktyk\/firma-xyz2\/grafichemoderne-8-z-22\/'><img width=\"200\" height=\"300\" src=\"https:\/\/zs1-projekty.nowotarski.edu.pl\/rimini2017\/wp-content\/uploads\/2017\/04\/GraficheModerne-8-z-22-200x300.jpg\" class=\"attachment-medium size-medium\" alt=\"\" loading=\"lazy\" srcset=\"https:\/\/zs1-projekty.nowotarski.edu.pl\/rimini2017\/wp-content\/uploads\/2017\/04\/GraficheModerne-8-z-22-200x300.jpg 200w, https:\/\/zs1-projekty.nowotarski.edu.pl\/rimini2017\/wp-content\/uploads\/2017\/04\/GraficheModerne-8-z-22-768x1152.jpg 768w, https:\/\/zs1-projekty.nowotarski.edu.pl\/rimini2017\/wp-content\/uploads\/2017\/04\/GraficheModerne-8-z-22-683x1024.jpg 683w\" sizes=\"(max-width: 200px) 100vw, 200px\" \/><\/a>\n\t\t\t<\/div><\/figure><figure class='gallery-item'>\n\t\t\t<div class='gallery-icon portrait'>\n\t\t\t\t<a href='https:\/\/zs1-projekty.nowotarski.edu.pl\/rimini2017\/miejsca-praktyk\/firma-xyz2\/grafichemoderne-9-z-22\/'><img width=\"200\" height=\"300\" src=\"https:\/\/zs1-projekty.nowotarski.edu.pl\/rimini2017\/wp-content\/uploads\/2017\/04\/GraficheModerne-9-z-22-200x300.jpg\" class=\"attachment-medium size-medium\" alt=\"\" loading=\"lazy\" srcset=\"https:\/\/zs1-projekty.nowotarski.edu.pl\/rimini2017\/wp-content\/uploads\/2017\/04\/GraficheModerne-9-z-22-200x300.jpg 200w, https:\/\/zs1-projekty.nowotarski.edu.pl\/rimini2017\/wp-content\/uploads\/2017\/04\/GraficheModerne-9-z-22-768x1152.jpg 768w, https:\/\/zs1-projekty.nowotarski.edu.pl\/rimini2017\/wp-content\/uploads\/2017\/04\/GraficheModerne-9-z-22-683x1024.jpg 683w\" sizes=\"(max-width: 200px) 100vw, 200px\" \/><\/a>\n\t\t\t<\/div><\/figure><figure class='gallery-item'>\n\t\t\t<div class='gallery-icon portrait'>\n\t\t\t\t<a href='https:\/\/zs1-projekty.nowotarski.edu.pl\/rimini2017\/miejsca-praktyk\/firma-xyz2\/grafichemoderne-10-z-22\/'><img width=\"200\" height=\"300\" src=\"https:\/\/zs1-projekty.nowotarski.edu.pl\/rimini2017\/wp-content\/uploads\/2017\/04\/GraficheModerne-10-z-22-200x300.jpg\" class=\"attachment-medium size-medium\" alt=\"\" loading=\"lazy\" srcset=\"https:\/\/zs1-projekty.nowotarski.edu.pl\/rimini2017\/wp-content\/uploads\/2017\/04\/GraficheModerne-10-z-22-200x300.jpg 200w, https:\/\/zs1-projekty.nowotarski.edu.pl\/rimini2017\/wp-content\/uploads\/2017\/04\/GraficheModerne-10-z-22-768x1152.jpg 768w, https:\/\/zs1-projekty.nowotarski.edu.pl\/rimini2017\/wp-content\/uploads\/2017\/04\/GraficheModerne-10-z-22-683x1024.jpg 683w, https:\/\/zs1-projekty.nowotarski.edu.pl\/rimini2017\/wp-content\/uploads\/2017\/04\/GraficheModerne-10-z-22.jpg 1950w\" sizes=\"(max-width: 200px) 100vw, 200px\" \/><\/a>\n\t\t\t<\/div><\/figure><figure class='gallery-item'>\n\t\t\t<div class='gallery-icon portrait'>\n\t\t\t\t<a href='https:\/\/zs1-projekty.nowotarski.edu.pl\/rimini2017\/miejsca-praktyk\/firma-xyz2\/grafichemoderne-11-z-22\/'><img width=\"200\" height=\"300\" src=\"https:\/\/zs1-projekty.nowotarski.edu.pl\/rimini2017\/wp-content\/uploads\/2017\/04\/GraficheModerne-11-z-22-200x300.jpg\" class=\"attachment-medium size-medium\" alt=\"\" loading=\"lazy\" srcset=\"https:\/\/zs1-projekty.nowotarski.edu.pl\/rimini2017\/wp-content\/uploads\/2017\/04\/GraficheModerne-11-z-22-200x300.jpg 200w, https:\/\/zs1-projekty.nowotarski.edu.pl\/rimini2017\/wp-content\/uploads\/2017\/04\/GraficheModerne-11-z-22-768x1152.jpg 768w, https:\/\/zs1-projekty.nowotarski.edu.pl\/rimini2017\/wp-content\/uploads\/2017\/04\/GraficheModerne-11-z-22-683x1024.jpg 683w\" sizes=\"(max-width: 200px) 100vw, 200px\" \/><\/a>\n\t\t\t<\/div><\/figure><figure class='gallery-item'>\n\t\t\t<div class='gallery-icon portrait'>\n\t\t\t\t<a href='https:\/\/zs1-projekty.nowotarski.edu.pl\/rimini2017\/miejsca-praktyk\/firma-xyz2\/grafichemoderne-12-z-22\/'><img width=\"200\" height=\"300\" src=\"https:\/\/zs1-projekty.nowotarski.edu.pl\/rimini2017\/wp-content\/uploads\/2017\/04\/GraficheModerne-12-z-22-200x300.jpg\" class=\"attachment-medium size-medium\" alt=\"\" loading=\"lazy\" srcset=\"https:\/\/zs1-projekty.nowotarski.edu.pl\/rimini2017\/wp-content\/uploads\/2017\/04\/GraficheModerne-12-z-22-200x300.jpg 200w, https:\/\/zs1-projekty.nowotarski.edu.pl\/rimini2017\/wp-content\/uploads\/2017\/04\/GraficheModerne-12-z-22-768x1152.jpg 768w, https:\/\/zs1-projekty.nowotarski.edu.pl\/rimini2017\/wp-content\/uploads\/2017\/04\/GraficheModerne-12-z-22-683x1024.jpg 683w\" sizes=\"(max-width: 200px) 100vw, 200px\" \/><\/a>\n\t\t\t<\/div><\/figure><figure class='gallery-item'>\n\t\t\t<div class='gallery-icon portrait'>\n\t\t\t\t<a href='https:\/\/zs1-projekty.nowotarski.edu.pl\/rimini2017\/miejsca-praktyk\/firma-xyz2\/grafichemoderne-13-z-22\/'><img width=\"200\" height=\"300\" src=\"https:\/\/zs1-projekty.nowotarski.edu.pl\/rimini2017\/wp-content\/uploads\/2017\/04\/GraficheModerne-13-z-22-200x300.jpg\" class=\"attachment-medium size-medium\" alt=\"\" loading=\"lazy\" srcset=\"https:\/\/zs1-projekty.nowotarski.edu.pl\/rimini2017\/wp-content\/uploads\/2017\/04\/GraficheModerne-13-z-22-200x300.jpg 200w, https:\/\/zs1-projekty.nowotarski.edu.pl\/rimini2017\/wp-content\/uploads\/2017\/04\/GraficheModerne-13-z-22-768x1152.jpg 768w, https:\/\/zs1-projekty.nowotarski.edu.pl\/rimini2017\/wp-content\/uploads\/2017\/04\/GraficheModerne-13-z-22-683x1024.jpg 683w\" sizes=\"(max-width: 200px) 100vw, 200px\" \/><\/a>\n\t\t\t<\/div><\/figure><figure class='gallery-item'>\n\t\t\t<div class='gallery-icon portrait'>\n\t\t\t\t<a href='https:\/\/zs1-projekty.nowotarski.edu.pl\/rimini2017\/miejsca-praktyk\/firma-xyz2\/grafichemoderne-14-z-22\/'><img width=\"200\" height=\"300\" src=\"https:\/\/zs1-projekty.nowotarski.edu.pl\/rimini2017\/wp-content\/uploads\/2017\/04\/GraficheModerne-14-z-22-200x300.jpg\" class=\"attachment-medium size-medium\" alt=\"\" loading=\"lazy\" srcset=\"https:\/\/zs1-projekty.nowotarski.edu.pl\/rimini2017\/wp-content\/uploads\/2017\/04\/GraficheModerne-14-z-22-200x300.jpg 200w, https:\/\/zs1-projekty.nowotarski.edu.pl\/rimini2017\/wp-content\/uploads\/2017\/04\/GraficheModerne-14-z-22-768x1152.jpg 768w, https:\/\/zs1-projekty.nowotarski.edu.pl\/rimini2017\/wp-content\/uploads\/2017\/04\/GraficheModerne-14-z-22-683x1024.jpg 683w\" sizes=\"(max-width: 200px) 100vw, 200px\" \/><\/a>\n\t\t\t<\/div><\/figure><figure class='gallery-item'>\n\t\t\t<div class='gallery-icon portrait'>\n\t\t\t\t<a href='https:\/\/zs1-projekty.nowotarski.edu.pl\/rimini2017\/miejsca-praktyk\/firma-xyz2\/grafichemoderne-15-z-22\/'><img width=\"200\" height=\"300\" src=\"https:\/\/zs1-projekty.nowotarski.edu.pl\/rimini2017\/wp-content\/uploads\/2017\/04\/GraficheModerne-15-z-22-200x300.jpg\" class=\"attachment-medium size-medium\" alt=\"\" loading=\"lazy\" srcset=\"https:\/\/zs1-projekty.nowotarski.edu.pl\/rimini2017\/wp-content\/uploads\/2017\/04\/GraficheModerne-15-z-22-200x300.jpg 200w, https:\/\/zs1-projekty.nowotarski.edu.pl\/rimini2017\/wp-content\/uploads\/2017\/04\/GraficheModerne-15-z-22-768x1152.jpg 768w, https:\/\/zs1-projekty.nowotarski.edu.pl\/rimini2017\/wp-content\/uploads\/2017\/04\/GraficheModerne-15-z-22-683x1024.jpg 683w\" sizes=\"(max-width: 200px) 100vw, 200px\" \/><\/a>\n\t\t\t<\/div><\/figure><figure class='gallery-item'>\n\t\t\t<div class='gallery-icon landscape'>\n\t\t\t\t<a href='https:\/\/zs1-projekty.nowotarski.edu.pl\/rimini2017\/miejsca-praktyk\/firma-xyz2\/grafichemoderne-16-z-22\/'><img width=\"300\" height=\"200\" src=\"https:\/\/zs1-projekty.nowotarski.edu.pl\/rimini2017\/wp-content\/uploads\/2017\/04\/GraficheModerne-16-z-22-300x200.jpg\" class=\"attachment-medium size-medium\" alt=\"\" loading=\"lazy\" srcset=\"https:\/\/zs1-projekty.nowotarski.edu.pl\/rimini2017\/wp-content\/uploads\/2017\/04\/GraficheModerne-16-z-22-300x200.jpg 300w, https:\/\/zs1-projekty.nowotarski.edu.pl\/rimini2017\/wp-content\/uploads\/2017\/04\/GraficheModerne-16-z-22-768x512.jpg 768w, https:\/\/zs1-projekty.nowotarski.edu.pl\/rimini2017\/wp-content\/uploads\/2017\/04\/GraficheModerne-16-z-22-1024x683.jpg 1024w\" sizes=\"(max-width: 300px) 100vw, 300px\" \/><\/a>\n\t\t\t<\/div><\/figure><figure class='gallery-item'>\n\t\t\t<div class='gallery-icon landscape'>\n\t\t\t\t<a href='https:\/\/zs1-projekty.nowotarski.edu.pl\/rimini2017\/miejsca-praktyk\/firma-xyz2\/grafichemoderne-17-z-22\/'><img width=\"300\" height=\"200\" src=\"https:\/\/zs1-projekty.nowotarski.edu.pl\/rimini2017\/wp-content\/uploads\/2017\/04\/GraficheModerne-17-z-22-300x200.jpg\" class=\"attachment-medium size-medium\" alt=\"\" loading=\"lazy\" srcset=\"https:\/\/zs1-projekty.nowotarski.edu.pl\/rimini2017\/wp-content\/uploads\/2017\/04\/GraficheModerne-17-z-22-300x200.jpg 300w, https:\/\/zs1-projekty.nowotarski.edu.pl\/rimini2017\/wp-content\/uploads\/2017\/04\/GraficheModerne-17-z-22-768x512.jpg 768w, https:\/\/zs1-projekty.nowotarski.edu.pl\/rimini2017\/wp-content\/uploads\/2017\/04\/GraficheModerne-17-z-22-1024x683.jpg 1024w\" sizes=\"(max-width: 300px) 100vw, 300px\" \/><\/a>\n\t\t\t<\/div><\/figure><figure class='gallery-item'>\n\t\t\t<div class='gallery-icon portrait'>\n\t\t\t\t<a href='https:\/\/zs1-projekty.nowotarski.edu.pl\/rimini2017\/miejsca-praktyk\/firma-xyz2\/grafichemoderne-18-z-22\/'><img width=\"200\" height=\"300\" src=\"https:\/\/zs1-projekty.nowotarski.edu.pl\/rimini2017\/wp-content\/uploads\/2017\/04\/GraficheModerne-18-z-22-200x300.jpg\" class=\"attachment-medium size-medium\" alt=\"\" loading=\"lazy\" srcset=\"https:\/\/zs1-projekty.nowotarski.edu.pl\/rimini2017\/wp-content\/uploads\/2017\/04\/GraficheModerne-18-z-22-200x300.jpg 200w, https:\/\/zs1-projekty.nowotarski.edu.pl\/rimini2017\/wp-content\/uploads\/2017\/04\/GraficheModerne-18-z-22-768x1152.jpg 768w, https:\/\/zs1-projekty.nowotarski.edu.pl\/rimini2017\/wp-content\/uploads\/2017\/04\/GraficheModerne-18-z-22-683x1024.jpg 683w\" sizes=\"(max-width: 200px) 100vw, 200px\" \/><\/a>\n\t\t\t<\/div><\/figure><figure class='gallery-item'>\n\t\t\t<div class='gallery-icon landscape'>\n\t\t\t\t<a href='https:\/\/zs1-projekty.nowotarski.edu.pl\/rimini2017\/miejsca-praktyk\/firma-xyz2\/grafichemoderne-19-z-22\/'><img width=\"300\" height=\"200\" src=\"https:\/\/zs1-projekty.nowotarski.edu.pl\/rimini2017\/wp-content\/uploads\/2017\/04\/GraficheModerne-19-z-22-300x200.jpg\" class=\"attachment-medium size-medium\" alt=\"\" loading=\"lazy\" srcset=\"https:\/\/zs1-projekty.nowotarski.edu.pl\/rimini2017\/wp-content\/uploads\/2017\/04\/GraficheModerne-19-z-22-300x200.jpg 300w, https:\/\/zs1-projekty.nowotarski.edu.pl\/rimini2017\/wp-content\/uploads\/2017\/04\/GraficheModerne-19-z-22-768x512.jpg 768w, https:\/\/zs1-projekty.nowotarski.edu.pl\/rimini2017\/wp-content\/uploads\/2017\/04\/GraficheModerne-19-z-22-1024x683.jpg 1024w\" sizes=\"(max-width: 300px) 100vw, 300px\" \/><\/a>\n\t\t\t<\/div><\/figure><figure class='gallery-item'>\n\t\t\t<div class='gallery-icon portrait'>\n\t\t\t\t<a href='https:\/\/zs1-projekty.nowotarski.edu.pl\/rimini2017\/miejsca-praktyk\/firma-xyz2\/grafichemoderne-21-z-22\/'><img width=\"200\" height=\"300\" src=\"https:\/\/zs1-projekty.nowotarski.edu.pl\/rimini2017\/wp-content\/uploads\/2017\/04\/GraficheModerne-21-z-22-200x300.jpg\" class=\"attachment-medium size-medium\" alt=\"\" loading=\"lazy\" srcset=\"https:\/\/zs1-projekty.nowotarski.edu.pl\/rimini2017\/wp-content\/uploads\/2017\/04\/GraficheModerne-21-z-22-200x300.jpg 200w, https:\/\/zs1-projekty.nowotarski.edu.pl\/rimini2017\/wp-content\/uploads\/2017\/04\/GraficheModerne-21-z-22-768x1152.jpg 768w, https:\/\/zs1-projekty.nowotarski.edu.pl\/rimini2017\/wp-content\/uploads\/2017\/04\/GraficheModerne-21-z-22-683x1024.jpg 683w\" sizes=\"(max-width: 200px) 100vw, 200px\" \/><\/a>\n\t\t\t<\/div><\/figure>\n\t\t<\/div>\n\n<p>&nbsp;<\/p>\n","protected":false},"excerpt":{"rendered":"<p>Grafiche Moderne. Od 20 lat z pasj\u0105 i talentem firma zajmuje si\u0119 produkcj\u0105 i dystrybucj\u0105 naklejek samoprzylepnych z \u017cywic\u0105. W\u0142a\u015bcicielem firmy jest Michele Zicchino, kt\u00f3ry wraz z ma\u0142\u017conk\u0105 dba o dobr\u0105 reputacj\u0119 swojego przedsi\u0119biorstwa. Firma ulokowana jest przy porcie w Rimini. Otaczaj\u0105 j\u0105 pi\u0119kne zabytkowe budynki. Tr\u00f3jwymiarowe naklejki \u017cywicze zapewniaj\u0105 presti\u017cowy wizerunek marki, dzi\u0119ki czemu<a class=\"moretag\" href=\"https:\/\/zs1-projekty.nowotarski.edu.pl\/rimini2017\/miejsca-praktyk\/firma-xyz2\/\"><span class=\"screen-reader-text\">Wi\u0119cej oGrafiche Moderne<\/span>[&#8230;]<\/a><\/p>\n","protected":false},"author":1,"featured_media":651,"parent":20,"menu_order":0,"comment_status":"closed","ping_status":"closed","template":"","meta":{"ngg_post_thumbnail":0},"_links":{"self":[{"href":"https:\/\/zs1-projekty.nowotarski.edu.pl\/rimini2017\/wp-json\/wp\/v2\/pages\/617"}],"collection":[{"href":"https:\/\/zs1-projekty.nowotarski.edu.pl\/rimini2017\/wp-json\/wp\/v2\/pages"}],"about":[{"href":"https:\/\/zs1-projekty.nowotarski.edu.pl\/rimini2017\/wp-json\/wp\/v2\/types\/page"}],"author":[{"embeddable":true,"href":"https:\/\/zs1-projekty.nowotarski.edu.pl\/rimini2017\/wp-json\/wp\/v2\/users\/1"}],"replies":[{"embeddable":true,"href":"https:\/\/zs1-projekty.nowotarski.edu.pl\/rimini2017\/wp-json\/wp\/v2\/comments?post=617"}],"version-history":[{"count":7,"href":"https:\/\/zs1-projekty.nowotarski.edu.pl\/rimini2017\/wp-json\/wp\/v2\/pages\/617\/revisions"}],"predecessor-version":[{"id":1339,"href":"https:\/\/zs1-projekty.nowotarski.edu.pl\/rimini2017\/wp-json\/wp\/v2\/pages\/617\/revisions\/1339"}],"up":[{"embeddable":true,"href":"https:\/\/zs1-projekty.nowotarski.edu.pl\/rimini2017\/wp-json\/wp\/v2\/pages\/20"}],"wp:featuredmedia":[{"embeddable":true,"href":"https:\/\/zs1-projekty.nowotarski.edu.pl\/rimini2017\/wp-json\/wp\/v2\/media\/651"}],"wp:attachment":[{"href":"https:\/\/zs1-projekty.nowotarski.edu.pl\/rimini2017\/wp-json\/wp\/v2\/media?parent=617"}],"curies":[{"name":"wp","href":"https:\/\/api.w.org\/{rel}","templated":true}]}}