{"id":782,"date":"2017-05-01T11:50:27","date_gmt":"2017-05-01T09:50:27","guid":{"rendered":"http:\/\/zs1.nowotarski.pl\/projekty\/rimini2017\/?page_id=782"},"modified":"2017-05-12T21:45:51","modified_gmt":"2017-05-12T19:45:51","slug":"master-foto-di-micro-ricci","status":"publish","type":"page","link":"https:\/\/zs1-projekty.nowotarski.edu.pl\/rimini2017\/miejsca-praktyk\/master-foto-di-micro-ricci\/","title":{"rendered":"Master Foto di Micro Ricci"},"content":{"rendered":"<p>Firma Masterfoto ma swoj\u0105 siedzib\u0119 w zabytkowej cz\u0119\u015bci Ceseny. Dzia\u0142alno\u015bci\u0105 zarz\u0105dza Mirco Ricci \u2013 profesjonalny fotograf. Massterfoto oferuje zdj\u0119cia do dokument\u00f3w oraz zajmuje si\u0119 wywo\u0142ywaniem zdj\u0119\u0107. Wykonuje tak\u017ce nadruki na kubkach, koszulkach itp. Mirco Ricci zajmuje si\u0119 tak\u017ce fotografi\u0105 weseln\u0105 oraz okazjonaln\u0105. W jego portfolio mo\u017cemy tak\u017ce znale\u017a\u0107 fotografie dzieci\u0119ce, czy r\u00f3\u017cnego rodzaju sesje. W firmie panuje mi\u0142a atmosfera, dzi\u0119ki kt\u00f3rej praca mija w mi\u0142ej atmosferze.<\/p>\n<div id='gallery-1' class='gallery galleryid-782 gallery-columns-3 gallery-size-medium'><figure class='gallery-item'>\n\t\t\t<div class='gallery-icon portrait'>\n\t\t\t\t<a href='https:\/\/zs1-projekty.nowotarski.edu.pl\/rimini2017\/2017\/05\/05\/dzien-12\/18362194_1438442676217444_1443909130_o\/'><img width=\"225\" height=\"300\" src=\"https:\/\/zs1-projekty.nowotarski.edu.pl\/rimini2017\/wp-content\/uploads\/2017\/05\/18362194_1438442676217444_1443909130_o-225x300.jpg\" class=\"attachment-medium size-medium\" alt=\"\" loading=\"lazy\" srcset=\"https:\/\/zs1-projekty.nowotarski.edu.pl\/rimini2017\/wp-content\/uploads\/2017\/05\/18362194_1438442676217444_1443909130_o-225x300.jpg 225w, https:\/\/zs1-projekty.nowotarski.edu.pl\/rimini2017\/wp-content\/uploads\/2017\/05\/18362194_1438442676217444_1443909130_o-768x1024.jpg 768w, https:\/\/zs1-projekty.nowotarski.edu.pl\/rimini2017\/wp-content\/uploads\/2017\/05\/18362194_1438442676217444_1443909130_o.jpg 1000w\" sizes=\"(max-width: 225px) 100vw, 225px\" \/><\/a>\n\t\t\t<\/div><\/figure><figure class='gallery-item'>\n\t\t\t<div class='gallery-icon portrait'>\n\t\t\t\t<a href='https:\/\/zs1-projekty.nowotarski.edu.pl\/rimini2017\/2017\/05\/05\/dzien-12\/18289977_1438442556217456_1481499282_o\/'><img width=\"225\" height=\"300\" src=\"https:\/\/zs1-projekty.nowotarski.edu.pl\/rimini2017\/wp-content\/uploads\/2017\/05\/18289977_1438442556217456_1481499282_o-225x300.jpg\" class=\"attachment-medium size-medium\" alt=\"\" loading=\"lazy\" srcset=\"https:\/\/zs1-projekty.nowotarski.edu.pl\/rimini2017\/wp-content\/uploads\/2017\/05\/18289977_1438442556217456_1481499282_o-225x300.jpg 225w, https:\/\/zs1-projekty.nowotarski.edu.pl\/rimini2017\/wp-content\/uploads\/2017\/05\/18289977_1438442556217456_1481499282_o-768x1024.jpg 768w, https:\/\/zs1-projekty.nowotarski.edu.pl\/rimini2017\/wp-content\/uploads\/2017\/05\/18289977_1438442556217456_1481499282_o.jpg 1000w\" sizes=\"(max-width: 225px) 100vw, 225px\" \/><\/a>\n\t\t\t<\/div><\/figure><figure class='gallery-item'>\n\t\t\t<div class='gallery-icon portrait'>\n\t\t\t\t<a href='https:\/\/zs1-projekty.nowotarski.edu.pl\/rimini2017\/2017\/05\/05\/dzien-12\/18339067_1438442729550772_730427151_o\/'><img width=\"234\" height=\"300\" src=\"https:\/\/zs1-projekty.nowotarski.edu.pl\/rimini2017\/wp-content\/uploads\/2017\/05\/18339067_1438442729550772_730427151_o-234x300.jpg\" class=\"attachment-medium size-medium\" alt=\"\" loading=\"lazy\" srcset=\"https:\/\/zs1-projekty.nowotarski.edu.pl\/rimini2017\/wp-content\/uploads\/2017\/05\/18339067_1438442729550772_730427151_o-234x300.jpg 234w, https:\/\/zs1-projekty.nowotarski.edu.pl\/rimini2017\/wp-content\/uploads\/2017\/05\/18339067_1438442729550772_730427151_o-768x983.jpg 768w, https:\/\/zs1-projekty.nowotarski.edu.pl\/rimini2017\/wp-content\/uploads\/2017\/05\/18339067_1438442729550772_730427151_o-800x1024.jpg 800w, https:\/\/zs1-projekty.nowotarski.edu.pl\/rimini2017\/wp-content\/uploads\/2017\/05\/18339067_1438442729550772_730427151_o.jpg 1042w\" sizes=\"(max-width: 234px) 100vw, 234px\" \/><\/a>\n\t\t\t<\/div><\/figure><figure class='gallery-item'>\n\t\t\t<div class='gallery-icon landscape'>\n\t\t\t\t<a href='https:\/\/zs1-projekty.nowotarski.edu.pl\/rimini2017\/2017\/05\/05\/dzien-12\/18339292_1438442549550790_1014181761_o\/'><img width=\"300\" height=\"225\" src=\"https:\/\/zs1-projekty.nowotarski.edu.pl\/rimini2017\/wp-content\/uploads\/2017\/05\/18339292_1438442549550790_1014181761_o-300x225.jpg\" class=\"attachment-medium size-medium\" alt=\"\" loading=\"lazy\" srcset=\"https:\/\/zs1-projekty.nowotarski.edu.pl\/rimini2017\/wp-content\/uploads\/2017\/05\/18339292_1438442549550790_1014181761_o-300x225.jpg 300w, https:\/\/zs1-projekty.nowotarski.edu.pl\/rimini2017\/wp-content\/uploads\/2017\/05\/18339292_1438442549550790_1014181761_o-768x576.jpg 768w, https:\/\/zs1-projekty.nowotarski.edu.pl\/rimini2017\/wp-content\/uploads\/2017\/05\/18339292_1438442549550790_1014181761_o-1024x768.jpg 1024w, https:\/\/zs1-projekty.nowotarski.edu.pl\/rimini2017\/wp-content\/uploads\/2017\/05\/18339292_1438442549550790_1014181761_o.jpg 1334w\" sizes=\"(max-width: 300px) 100vw, 300px\" \/><\/a>\n\t\t\t<\/div><\/figure><figure class='gallery-item'>\n\t\t\t<div class='gallery-icon landscape'>\n\t\t\t\t<a href='https:\/\/zs1-projekty.nowotarski.edu.pl\/rimini2017\/2017\/05\/05\/dzien-12\/18338696_1438442146217497_1213762097_o\/'><img width=\"300\" height=\"225\" src=\"https:\/\/zs1-projekty.nowotarski.edu.pl\/rimini2017\/wp-content\/uploads\/2017\/05\/18338696_1438442146217497_1213762097_o-300x225.jpg\" class=\"attachment-medium size-medium\" alt=\"\" loading=\"lazy\" srcset=\"https:\/\/zs1-projekty.nowotarski.edu.pl\/rimini2017\/wp-content\/uploads\/2017\/05\/18338696_1438442146217497_1213762097_o-300x225.jpg 300w, https:\/\/zs1-projekty.nowotarski.edu.pl\/rimini2017\/wp-content\/uploads\/2017\/05\/18338696_1438442146217497_1213762097_o-768x576.jpg 768w, https:\/\/zs1-projekty.nowotarski.edu.pl\/rimini2017\/wp-content\/uploads\/2017\/05\/18338696_1438442146217497_1213762097_o-1024x768.jpg 1024w, https:\/\/zs1-projekty.nowotarski.edu.pl\/rimini2017\/wp-content\/uploads\/2017\/05\/18338696_1438442146217497_1213762097_o.jpg 1334w\" sizes=\"(max-width: 300px) 100vw, 300px\" \/><\/a>\n\t\t\t<\/div><\/figure><figure class='gallery-item'>\n\t\t\t<div class='gallery-icon landscape'>\n\t\t\t\t<a href='https:\/\/zs1-projekty.nowotarski.edu.pl\/rimini2017\/2017\/05\/05\/dzien-12\/18318123_1438442376217474_1585464900_o\/'><img width=\"300\" height=\"225\" src=\"https:\/\/zs1-projekty.nowotarski.edu.pl\/rimini2017\/wp-content\/uploads\/2017\/05\/18318123_1438442376217474_1585464900_o-300x225.jpg\" class=\"attachment-medium size-medium\" alt=\"\" loading=\"lazy\" srcset=\"https:\/\/zs1-projekty.nowotarski.edu.pl\/rimini2017\/wp-content\/uploads\/2017\/05\/18318123_1438442376217474_1585464900_o-300x225.jpg 300w, https:\/\/zs1-projekty.nowotarski.edu.pl\/rimini2017\/wp-content\/uploads\/2017\/05\/18318123_1438442376217474_1585464900_o-768x576.jpg 768w, https:\/\/zs1-projekty.nowotarski.edu.pl\/rimini2017\/wp-content\/uploads\/2017\/05\/18318123_1438442376217474_1585464900_o-1024x768.jpg 1024w, https:\/\/zs1-projekty.nowotarski.edu.pl\/rimini2017\/wp-content\/uploads\/2017\/05\/18318123_1438442376217474_1585464900_o.jpg 1334w\" sizes=\"(max-width: 300px) 100vw, 300px\" \/><\/a>\n\t\t\t<\/div><\/figure><figure class='gallery-item'>\n\t\t\t<div class='gallery-icon landscape'>\n\t\t\t\t<a href='https:\/\/zs1-projekty.nowotarski.edu.pl\/rimini2017\/2017\/05\/05\/dzien-12\/18318794_1438442779550767_1741318621_o\/'><img width=\"300\" height=\"225\" src=\"https:\/\/zs1-projekty.nowotarski.edu.pl\/rimini2017\/wp-content\/uploads\/2017\/05\/18318794_1438442779550767_1741318621_o-300x225.jpg\" class=\"attachment-medium size-medium\" alt=\"\" loading=\"lazy\" srcset=\"https:\/\/zs1-projekty.nowotarski.edu.pl\/rimini2017\/wp-content\/uploads\/2017\/05\/18318794_1438442779550767_1741318621_o-300x225.jpg 300w, https:\/\/zs1-projekty.nowotarski.edu.pl\/rimini2017\/wp-content\/uploads\/2017\/05\/18318794_1438442779550767_1741318621_o-768x576.jpg 768w, https:\/\/zs1-projekty.nowotarski.edu.pl\/rimini2017\/wp-content\/uploads\/2017\/05\/18318794_1438442779550767_1741318621_o-1024x768.jpg 1024w, https:\/\/zs1-projekty.nowotarski.edu.pl\/rimini2017\/wp-content\/uploads\/2017\/05\/18318794_1438442779550767_1741318621_o.jpg 1334w\" sizes=\"(max-width: 300px) 100vw, 300px\" \/><\/a>\n\t\t\t<\/div><\/figure><figure class='gallery-item'>\n\t\t\t<div class='gallery-icon landscape'>\n\t\t\t\t<a href='https:\/\/zs1-projekty.nowotarski.edu.pl\/rimini2017\/2017\/05\/05\/dzien-12\/18318794_1438442779550767_1741318621_o-1\/'><img width=\"300\" height=\"225\" src=\"https:\/\/zs1-projekty.nowotarski.edu.pl\/rimini2017\/wp-content\/uploads\/2017\/05\/18318794_1438442779550767_1741318621_o-1-300x225.jpg\" class=\"attachment-medium size-medium\" alt=\"\" loading=\"lazy\" srcset=\"https:\/\/zs1-projekty.nowotarski.edu.pl\/rimini2017\/wp-content\/uploads\/2017\/05\/18318794_1438442779550767_1741318621_o-1-300x225.jpg 300w, https:\/\/zs1-projekty.nowotarski.edu.pl\/rimini2017\/wp-content\/uploads\/2017\/05\/18318794_1438442779550767_1741318621_o-1-768x576.jpg 768w, https:\/\/zs1-projekty.nowotarski.edu.pl\/rimini2017\/wp-content\/uploads\/2017\/05\/18318794_1438442779550767_1741318621_o-1-1024x768.jpg 1024w, https:\/\/zs1-projekty.nowotarski.edu.pl\/rimini2017\/wp-content\/uploads\/2017\/05\/18318794_1438442779550767_1741318621_o-1.jpg 1334w\" sizes=\"(max-width: 300px) 100vw, 300px\" \/><\/a>\n\t\t\t<\/div><\/figure><figure class='gallery-item'>\n\t\t\t<div class='gallery-icon landscape'>\n\t\t\t\t<a href='https:\/\/zs1-projekty.nowotarski.edu.pl\/rimini2017\/2017\/05\/05\/dzien-12\/18318442_1438442526217459_1182950093_o\/'><img width=\"300\" height=\"225\" src=\"https:\/\/zs1-projekty.nowotarski.edu.pl\/rimini2017\/wp-content\/uploads\/2017\/05\/18318442_1438442526217459_1182950093_o-300x225.jpg\" class=\"attachment-medium size-medium\" alt=\"\" loading=\"lazy\" srcset=\"https:\/\/zs1-projekty.nowotarski.edu.pl\/rimini2017\/wp-content\/uploads\/2017\/05\/18318442_1438442526217459_1182950093_o-300x225.jpg 300w, https:\/\/zs1-projekty.nowotarski.edu.pl\/rimini2017\/wp-content\/uploads\/2017\/05\/18318442_1438442526217459_1182950093_o-768x576.jpg 768w, https:\/\/zs1-projekty.nowotarski.edu.pl\/rimini2017\/wp-content\/uploads\/2017\/05\/18318442_1438442526217459_1182950093_o-1024x768.jpg 1024w, https:\/\/zs1-projekty.nowotarski.edu.pl\/rimini2017\/wp-content\/uploads\/2017\/05\/18318442_1438442526217459_1182950093_o.jpg 1334w\" sizes=\"(max-width: 300px) 100vw, 300px\" \/><\/a>\n\t\t\t<\/div><\/figure><figure class='gallery-item'>\n\t\t\t<div class='gallery-icon landscape'>\n\t\t\t\t<a href='https:\/\/zs1-projekty.nowotarski.edu.pl\/rimini2017\/2017\/05\/05\/dzien-12\/18318474_1438442776217434_1003016858_o\/'><img width=\"300\" height=\"225\" src=\"https:\/\/zs1-projekty.nowotarski.edu.pl\/rimini2017\/wp-content\/uploads\/2017\/05\/18318474_1438442776217434_1003016858_o-300x225.jpg\" class=\"attachment-medium size-medium\" alt=\"\" loading=\"lazy\" srcset=\"https:\/\/zs1-projekty.nowotarski.edu.pl\/rimini2017\/wp-content\/uploads\/2017\/05\/18318474_1438442776217434_1003016858_o-300x225.jpg 300w, https:\/\/zs1-projekty.nowotarski.edu.pl\/rimini2017\/wp-content\/uploads\/2017\/05\/18318474_1438442776217434_1003016858_o-768x576.jpg 768w, https:\/\/zs1-projekty.nowotarski.edu.pl\/rimini2017\/wp-content\/uploads\/2017\/05\/18318474_1438442776217434_1003016858_o-1024x768.jpg 1024w, https:\/\/zs1-projekty.nowotarski.edu.pl\/rimini2017\/wp-content\/uploads\/2017\/05\/18318474_1438442776217434_1003016858_o.jpg 1334w\" sizes=\"(max-width: 300px) 100vw, 300px\" \/><\/a>\n\t\t\t<\/div><\/figure><figure class='gallery-item'>\n\t\t\t<div class='gallery-icon landscape'>\n\t\t\t\t<a href='https:\/\/zs1-projekty.nowotarski.edu.pl\/rimini2017\/2017\/05\/05\/dzien-12\/18318474_1438442776217434_1003016858_o-1\/'><img width=\"300\" height=\"225\" src=\"https:\/\/zs1-projekty.nowotarski.edu.pl\/rimini2017\/wp-content\/uploads\/2017\/05\/18318474_1438442776217434_1003016858_o-1-300x225.jpg\" class=\"attachment-medium size-medium\" alt=\"\" loading=\"lazy\" srcset=\"https:\/\/zs1-projekty.nowotarski.edu.pl\/rimini2017\/wp-content\/uploads\/2017\/05\/18318474_1438442776217434_1003016858_o-1-300x225.jpg 300w, https:\/\/zs1-projekty.nowotarski.edu.pl\/rimini2017\/wp-content\/uploads\/2017\/05\/18318474_1438442776217434_1003016858_o-1-768x576.jpg 768w, https:\/\/zs1-projekty.nowotarski.edu.pl\/rimini2017\/wp-content\/uploads\/2017\/05\/18318474_1438442776217434_1003016858_o-1-1024x768.jpg 1024w, https:\/\/zs1-projekty.nowotarski.edu.pl\/rimini2017\/wp-content\/uploads\/2017\/05\/18318474_1438442776217434_1003016858_o-1.jpg 1334w\" sizes=\"(max-width: 300px) 100vw, 300px\" \/><\/a>\n\t\t\t<\/div><\/figure><figure class='gallery-item'>\n\t\t\t<div class='gallery-icon landscape'>\n\t\t\t\t<a href='https:\/\/zs1-projekty.nowotarski.edu.pl\/rimini2017\/2017\/05\/05\/dzien-12\/18297075_1438442202884158_1562295478_o\/'><img width=\"300\" height=\"225\" src=\"https:\/\/zs1-projekty.nowotarski.edu.pl\/rimini2017\/wp-content\/uploads\/2017\/05\/18297075_1438442202884158_1562295478_o-300x225.jpg\" class=\"attachment-medium size-medium\" alt=\"\" loading=\"lazy\" srcset=\"https:\/\/zs1-projekty.nowotarski.edu.pl\/rimini2017\/wp-content\/uploads\/2017\/05\/18297075_1438442202884158_1562295478_o-300x225.jpg 300w, https:\/\/zs1-projekty.nowotarski.edu.pl\/rimini2017\/wp-content\/uploads\/2017\/05\/18297075_1438442202884158_1562295478_o-768x576.jpg 768w, https:\/\/zs1-projekty.nowotarski.edu.pl\/rimini2017\/wp-content\/uploads\/2017\/05\/18297075_1438442202884158_1562295478_o-1024x768.jpg 1024w, https:\/\/zs1-projekty.nowotarski.edu.pl\/rimini2017\/wp-content\/uploads\/2017\/05\/18297075_1438442202884158_1562295478_o.jpg 1334w\" sizes=\"(max-width: 300px) 100vw, 300px\" \/><\/a>\n\t\t\t<\/div><\/figure><figure class='gallery-item'>\n\t\t\t<div class='gallery-icon portrait'>\n\t\t\t\t<a href='https:\/\/zs1-projekty.nowotarski.edu.pl\/rimini2017\/2017\/05\/05\/dzien-12\/18318170_1438442209550824_931901227_o\/'><img width=\"225\" height=\"300\" src=\"https:\/\/zs1-projekty.nowotarski.edu.pl\/rimini2017\/wp-content\/uploads\/2017\/05\/18318170_1438442209550824_931901227_o-225x300.jpg\" class=\"attachment-medium size-medium\" alt=\"\" loading=\"lazy\" srcset=\"https:\/\/zs1-projekty.nowotarski.edu.pl\/rimini2017\/wp-content\/uploads\/2017\/05\/18318170_1438442209550824_931901227_o-225x300.jpg 225w, https:\/\/zs1-projekty.nowotarski.edu.pl\/rimini2017\/wp-content\/uploads\/2017\/05\/18318170_1438442209550824_931901227_o-768x1024.jpg 768w, https:\/\/zs1-projekty.nowotarski.edu.pl\/rimini2017\/wp-content\/uploads\/2017\/05\/18318170_1438442209550824_931901227_o.jpg 1000w\" sizes=\"(max-width: 225px) 100vw, 225px\" \/><\/a>\n\t\t\t<\/div><\/figure><figure class='gallery-item'>\n\t\t\t<div class='gallery-icon portrait'>\n\t\t\t\t<a href='https:\/\/zs1-projekty.nowotarski.edu.pl\/rimini2017\/2017\/05\/05\/dzien-12\/18318170_1438442209550824_931901227_o-1\/'><img width=\"225\" height=\"300\" src=\"https:\/\/zs1-projekty.nowotarski.edu.pl\/rimini2017\/wp-content\/uploads\/2017\/05\/18318170_1438442209550824_931901227_o-1-225x300.jpg\" class=\"attachment-medium size-medium\" alt=\"\" loading=\"lazy\" srcset=\"https:\/\/zs1-projekty.nowotarski.edu.pl\/rimini2017\/wp-content\/uploads\/2017\/05\/18318170_1438442209550824_931901227_o-1-225x300.jpg 225w, https:\/\/zs1-projekty.nowotarski.edu.pl\/rimini2017\/wp-content\/uploads\/2017\/05\/18318170_1438442209550824_931901227_o-1-768x1024.jpg 768w, https:\/\/zs1-projekty.nowotarski.edu.pl\/rimini2017\/wp-content\/uploads\/2017\/05\/18318170_1438442209550824_931901227_o-1.jpg 1000w\" sizes=\"(max-width: 225px) 100vw, 225px\" \/><\/a>\n\t\t\t<\/div><\/figure><figure class='gallery-item'>\n\t\t\t<div class='gallery-icon portrait'>\n\t\t\t\t<a href='https:\/\/zs1-projekty.nowotarski.edu.pl\/rimini2017\/2017\/05\/05\/dzien-12\/18297166_1438442722884106_483950789_o\/'><img width=\"225\" height=\"300\" src=\"https:\/\/zs1-projekty.nowotarski.edu.pl\/rimini2017\/wp-content\/uploads\/2017\/05\/18297166_1438442722884106_483950789_o-225x300.jpg\" class=\"attachment-medium size-medium\" alt=\"\" loading=\"lazy\" srcset=\"https:\/\/zs1-projekty.nowotarski.edu.pl\/rimini2017\/wp-content\/uploads\/2017\/05\/18297166_1438442722884106_483950789_o-225x300.jpg 225w, https:\/\/zs1-projekty.nowotarski.edu.pl\/rimini2017\/wp-content\/uploads\/2017\/05\/18297166_1438442722884106_483950789_o-768x1024.jpg 768w, https:\/\/zs1-projekty.nowotarski.edu.pl\/rimini2017\/wp-content\/uploads\/2017\/05\/18297166_1438442722884106_483950789_o.jpg 1000w\" sizes=\"(max-width: 225px) 100vw, 225px\" \/><\/a>\n\t\t\t<\/div><\/figure><figure class='gallery-item'>\n\t\t\t<div class='gallery-icon landscape'>\n\t\t\t\t<a href='https:\/\/zs1-projekty.nowotarski.edu.pl\/rimini2017\/2017\/05\/05\/dzien-12\/18318054_1438442149550830_2027760788_o\/'><img width=\"300\" height=\"225\" src=\"https:\/\/zs1-projekty.nowotarski.edu.pl\/rimini2017\/wp-content\/uploads\/2017\/05\/18318054_1438442149550830_2027760788_o-300x225.jpg\" class=\"attachment-medium size-medium\" alt=\"\" loading=\"lazy\" srcset=\"https:\/\/zs1-projekty.nowotarski.edu.pl\/rimini2017\/wp-content\/uploads\/2017\/05\/18318054_1438442149550830_2027760788_o-300x225.jpg 300w, https:\/\/zs1-projekty.nowotarski.edu.pl\/rimini2017\/wp-content\/uploads\/2017\/05\/18318054_1438442149550830_2027760788_o-768x576.jpg 768w, https:\/\/zs1-projekty.nowotarski.edu.pl\/rimini2017\/wp-content\/uploads\/2017\/05\/18318054_1438442149550830_2027760788_o-1024x768.jpg 1024w, https:\/\/zs1-projekty.nowotarski.edu.pl\/rimini2017\/wp-content\/uploads\/2017\/05\/18318054_1438442149550830_2027760788_o.jpg 1334w\" sizes=\"(max-width: 300px) 100vw, 300px\" \/><\/a>\n\t\t\t<\/div><\/figure><figure class='gallery-item'>\n\t\t\t<div class='gallery-icon landscape'>\n\t\t\t\t<a href='https:\/\/zs1-projekty.nowotarski.edu.pl\/rimini2017\/2017\/05\/05\/dzien-12\/18297155_1438442742884104_230426221_o\/'><img width=\"300\" height=\"225\" src=\"https:\/\/zs1-projekty.nowotarski.edu.pl\/rimini2017\/wp-content\/uploads\/2017\/05\/18297155_1438442742884104_230426221_o-300x225.jpg\" class=\"attachment-medium size-medium\" alt=\"\" loading=\"lazy\" srcset=\"https:\/\/zs1-projekty.nowotarski.edu.pl\/rimini2017\/wp-content\/uploads\/2017\/05\/18297155_1438442742884104_230426221_o-300x225.jpg 300w, https:\/\/zs1-projekty.nowotarski.edu.pl\/rimini2017\/wp-content\/uploads\/2017\/05\/18297155_1438442742884104_230426221_o-768x576.jpg 768w, https:\/\/zs1-projekty.nowotarski.edu.pl\/rimini2017\/wp-content\/uploads\/2017\/05\/18297155_1438442742884104_230426221_o-1024x768.jpg 1024w, https:\/\/zs1-projekty.nowotarski.edu.pl\/rimini2017\/wp-content\/uploads\/2017\/05\/18297155_1438442742884104_230426221_o.jpg 1334w\" sizes=\"(max-width: 300px) 100vw, 300px\" \/><\/a>\n\t\t\t<\/div><\/figure><figure class='gallery-item'>\n\t\t\t<div class='gallery-icon landscape'>\n\t\t\t\t<a href='https:\/\/zs1-projekty.nowotarski.edu.pl\/rimini2017\/2017\/05\/05\/dzien-12\/18297155_1438442742884104_230426221_o-1\/'><img width=\"300\" height=\"225\" src=\"https:\/\/zs1-projekty.nowotarski.edu.pl\/rimini2017\/wp-content\/uploads\/2017\/05\/18297155_1438442742884104_230426221_o-1-300x225.jpg\" class=\"attachment-medium size-medium\" alt=\"\" loading=\"lazy\" srcset=\"https:\/\/zs1-projekty.nowotarski.edu.pl\/rimini2017\/wp-content\/uploads\/2017\/05\/18297155_1438442742884104_230426221_o-1-300x225.jpg 300w, https:\/\/zs1-projekty.nowotarski.edu.pl\/rimini2017\/wp-content\/uploads\/2017\/05\/18297155_1438442742884104_230426221_o-1-768x576.jpg 768w, https:\/\/zs1-projekty.nowotarski.edu.pl\/rimini2017\/wp-content\/uploads\/2017\/05\/18297155_1438442742884104_230426221_o-1-1024x768.jpg 1024w, https:\/\/zs1-projekty.nowotarski.edu.pl\/rimini2017\/wp-content\/uploads\/2017\/05\/18297155_1438442742884104_230426221_o-1.jpg 1334w\" sizes=\"(max-width: 300px) 100vw, 300px\" \/><\/a>\n\t\t\t<\/div><\/figure><figure class='gallery-item'>\n\t\t\t<div class='gallery-icon portrait'>\n\t\t\t\t<a href='https:\/\/zs1-projekty.nowotarski.edu.pl\/rimini2017\/2017\/05\/05\/dzien-12\/18297121_1438442552884123_2046311985_o\/'><img width=\"225\" height=\"300\" src=\"https:\/\/zs1-projekty.nowotarski.edu.pl\/rimini2017\/wp-content\/uploads\/2017\/05\/18297121_1438442552884123_2046311985_o-225x300.jpg\" class=\"attachment-medium size-medium\" alt=\"\" loading=\"lazy\" srcset=\"https:\/\/zs1-projekty.nowotarski.edu.pl\/rimini2017\/wp-content\/uploads\/2017\/05\/18297121_1438442552884123_2046311985_o-225x300.jpg 225w, https:\/\/zs1-projekty.nowotarski.edu.pl\/rimini2017\/wp-content\/uploads\/2017\/05\/18297121_1438442552884123_2046311985_o-768x1024.jpg 768w, https:\/\/zs1-projekty.nowotarski.edu.pl\/rimini2017\/wp-content\/uploads\/2017\/05\/18297121_1438442552884123_2046311985_o.jpg 1000w\" sizes=\"(max-width: 225px) 100vw, 225px\" \/><\/a>\n\t\t\t<\/div><\/figure><figure class='gallery-item'>\n\t\t\t<div class='gallery-icon portrait'>\n\t\t\t\t<a href='https:\/\/zs1-projekty.nowotarski.edu.pl\/rimini2017\/2017\/05\/05\/dzien-12\/18297277_1438442726217439_712689466_o\/'><img width=\"225\" height=\"300\" src=\"https:\/\/zs1-projekty.nowotarski.edu.pl\/rimini2017\/wp-content\/uploads\/2017\/05\/18297277_1438442726217439_712689466_o-225x300.jpg\" class=\"attachment-medium size-medium\" alt=\"\" loading=\"lazy\" srcset=\"https:\/\/zs1-projekty.nowotarski.edu.pl\/rimini2017\/wp-content\/uploads\/2017\/05\/18297277_1438442726217439_712689466_o-225x300.jpg 225w, https:\/\/zs1-projekty.nowotarski.edu.pl\/rimini2017\/wp-content\/uploads\/2017\/05\/18297277_1438442726217439_712689466_o-768x1024.jpg 768w, https:\/\/zs1-projekty.nowotarski.edu.pl\/rimini2017\/wp-content\/uploads\/2017\/05\/18297277_1438442726217439_712689466_o.jpg 1000w\" sizes=\"(max-width: 225px) 100vw, 225px\" \/><\/a>\n\t\t\t<\/div><\/figure><figure class='gallery-item'>\n\t\t\t<div class='gallery-icon portrait'>\n\t\t\t\t<a href='https:\/\/zs1-projekty.nowotarski.edu.pl\/rimini2017\/2017\/05\/05\/dzien-12\/18318810_1438439756217736_47268363_o\/'><img width=\"225\" height=\"300\" src=\"https:\/\/zs1-projekty.nowotarski.edu.pl\/rimini2017\/wp-content\/uploads\/2017\/05\/18318810_1438439756217736_47268363_o-225x300.jpg\" class=\"attachment-medium size-medium\" alt=\"\" loading=\"lazy\" srcset=\"https:\/\/zs1-projekty.nowotarski.edu.pl\/rimini2017\/wp-content\/uploads\/2017\/05\/18318810_1438439756217736_47268363_o-225x300.jpg 225w, https:\/\/zs1-projekty.nowotarski.edu.pl\/rimini2017\/wp-content\/uploads\/2017\/05\/18318810_1438439756217736_47268363_o-768x1024.jpg 768w, https:\/\/zs1-projekty.nowotarski.edu.pl\/rimini2017\/wp-content\/uploads\/2017\/05\/18318810_1438439756217736_47268363_o.jpg 1000w\" sizes=\"(max-width: 225px) 100vw, 225px\" \/><\/a>\n\t\t\t<\/div><\/figure><figure class='gallery-item'>\n\t\t\t<div class='gallery-icon portrait'>\n\t\t\t\t<a href='https:\/\/zs1-projekty.nowotarski.edu.pl\/rimini2017\/2017\/05\/05\/dzien-12\/18297195_1438439762884402_634743825_o\/'><img width=\"225\" height=\"300\" src=\"https:\/\/zs1-projekty.nowotarski.edu.pl\/rimini2017\/wp-content\/uploads\/2017\/05\/18297195_1438439762884402_634743825_o-225x300.jpg\" class=\"attachment-medium size-medium\" alt=\"\" loading=\"lazy\" srcset=\"https:\/\/zs1-projekty.nowotarski.edu.pl\/rimini2017\/wp-content\/uploads\/2017\/05\/18297195_1438439762884402_634743825_o-225x300.jpg 225w, https:\/\/zs1-projekty.nowotarski.edu.pl\/rimini2017\/wp-content\/uploads\/2017\/05\/18297195_1438439762884402_634743825_o-768x1024.jpg 768w, https:\/\/zs1-projekty.nowotarski.edu.pl\/rimini2017\/wp-content\/uploads\/2017\/05\/18297195_1438439762884402_634743825_o.jpg 1000w\" sizes=\"(max-width: 225px) 100vw, 225px\" \/><\/a>\n\t\t\t<\/div><\/figure><figure class='gallery-item'>\n\t\t\t<div class='gallery-icon portrait'>\n\t\t\t\t<a href='https:\/\/zs1-projekty.nowotarski.edu.pl\/rimini2017\/2017\/05\/05\/dzien-12\/18318602_1439323506129361_1559452249_o\/'><img width=\"169\" height=\"300\" src=\"https:\/\/zs1-projekty.nowotarski.edu.pl\/rimini2017\/wp-content\/uploads\/2017\/05\/18318602_1439323506129361_1559452249_o-169x300.jpg\" class=\"attachment-medium size-medium\" alt=\"\" loading=\"lazy\" srcset=\"https:\/\/zs1-projekty.nowotarski.edu.pl\/rimini2017\/wp-content\/uploads\/2017\/05\/18318602_1439323506129361_1559452249_o-169x300.jpg 169w, https:\/\/zs1-projekty.nowotarski.edu.pl\/rimini2017\/wp-content\/uploads\/2017\/05\/18318602_1439323506129361_1559452249_o-576x1024.jpg 576w, https:\/\/zs1-projekty.nowotarski.edu.pl\/rimini2017\/wp-content\/uploads\/2017\/05\/18318602_1439323506129361_1559452249_o.jpg 679w\" sizes=\"(max-width: 169px) 100vw, 169px\" \/><\/a>\n\t\t\t<\/div><\/figure>\n\t\t<\/div>\n\n","protected":false},"excerpt":{"rendered":"<p>Firma Masterfoto ma swoj\u0105 siedzib\u0119 w zabytkowej cz\u0119\u015bci Ceseny. Dzia\u0142alno\u015bci\u0105 zarz\u0105dza Mirco Ricci \u2013 profesjonalny fotograf. Massterfoto oferuje zdj\u0119cia do dokument\u00f3w oraz zajmuje si\u0119 wywo\u0142ywaniem zdj\u0119\u0107. Wykonuje tak\u017ce nadruki na kubkach, koszulkach itp. Mirco Ricci zajmuje si\u0119 tak\u017ce fotografi\u0105 weseln\u0105 oraz okazjonaln\u0105. W jego portfolio mo\u017cemy tak\u017ce znale\u017a\u0107 fotografie dzieci\u0119ce, czy r\u00f3\u017cnego rodzaju sesje. W<a class=\"moretag\" href=\"https:\/\/zs1-projekty.nowotarski.edu.pl\/rimini2017\/miejsca-praktyk\/master-foto-di-micro-ricci\/\"><span class=\"screen-reader-text\">Wi\u0119cej oMaster Foto di Micro Ricci<\/span>[&#8230;]<\/a><\/p>\n","protected":false},"author":2,"featured_media":945,"parent":20,"menu_order":0,"comment_status":"closed","ping_status":"closed","template":"","meta":{"ngg_post_thumbnail":0},"_links":{"self":[{"href":"https:\/\/zs1-projekty.nowotarski.edu.pl\/rimini2017\/wp-json\/wp\/v2\/pages\/782"}],"collection":[{"href":"https:\/\/zs1-projekty.nowotarski.edu.pl\/rimini2017\/wp-json\/wp\/v2\/pages"}],"about":[{"href":"https:\/\/zs1-projekty.nowotarski.edu.pl\/rimini2017\/wp-json\/wp\/v2\/types\/page"}],"author":[{"embeddable":true,"href":"https:\/\/zs1-projekty.nowotarski.edu.pl\/rimini2017\/wp-json\/wp\/v2\/users\/2"}],"replies":[{"embeddable":true,"href":"https:\/\/zs1-projekty.nowotarski.edu.pl\/rimini2017\/wp-json\/wp\/v2\/comments?post=782"}],"version-history":[{"count":7,"href":"https:\/\/zs1-projekty.nowotarski.edu.pl\/rimini2017\/wp-json\/wp\/v2\/pages\/782\/revisions"}],"predecessor-version":[{"id":1341,"href":"https:\/\/zs1-projekty.nowotarski.edu.pl\/rimini2017\/wp-json\/wp\/v2\/pages\/782\/revisions\/1341"}],"up":[{"embeddable":true,"href":"https:\/\/zs1-projekty.nowotarski.edu.pl\/rimini2017\/wp-json\/wp\/v2\/pages\/20"}],"wp:featuredmedia":[{"embeddable":true,"href":"https:\/\/zs1-projekty.nowotarski.edu.pl\/rimini2017\/wp-json\/wp\/v2\/media\/945"}],"wp:attachment":[{"href":"https:\/\/zs1-projekty.nowotarski.edu.pl\/rimini2017\/wp-json\/wp\/v2\/media?parent=782"}],"curies":[{"name":"wp","href":"https:\/\/api.w.org\/{rel}","templated":true}]}}